{"id":343,"date":"2021-06-11T02:46:44","date_gmt":"2021-06-11T02:46:44","guid":{"rendered":"http:\/\/localhost\/wordpress\/sibe\/?page_id=343"},"modified":"2026-04-08T11:16:58","modified_gmt":"2026-04-08T17:16:58","slug":"chetumal","status":"publish","type":"page","link":"https:\/\/bibliotecasibe.ecosur.mx\/sibe\/conocenos\/bibliotecas\/chetumal\/","title":{"rendered":"Chetumal"},"content":{"rendered":"\n<div class=\"wp-block-columns is-layout-flex wp-container-core-columns-is-layout-9d6595d7 wp-block-columns-is-layout-flex\">\n<div class=\"wp-block-column is-layout-flow wp-block-column-is-layout-flow\">\n<p><span class=\"has-inline-color has-black-color\"><strong data-rich-text-format-boundary=\"true\">Horario de servicios:<\/strong><\/span><\/p>\n<p style=\"padding-left: 40px;\"><span class=\"has-inline-color has-black-color\">Lunes a viernes de 8:00 a 16:00 horas.<br data-rich-text-line-break=\"true\" \/><\/span><\/p>\n<p>\u00a0 \u00a0 \u00a0 \u00a0 Viernes de cada 15 d\u00edas de 8:00 a 15:00 horas.<\/p>\n<p><span class=\"has-inline-color has-black-color\"><strong>Contactos:<\/strong><\/span><\/p>\n<p style=\"padding-left: 40px;\"><span class=\"has-inline-color has-black-color\">Jos\u00e9 Santos G\u00f3mez Morales <a href=\"mailto:jsantos@ecosur.mx\">jsantos@ecosur.mx<\/a><\/span><br data-rich-text-line-break=\"true\" \/><span class=\"has-inline-color has-black-color\">Gabriela Zacar\u00edas de Le\u00f3n <a href=\"mailto:gzacaria@ecosur.mx\">gzacaria@ecosur.mx<\/a><\/span><\/p>\n<\/div>\n\n\n\n<div class=\"wp-block-column is-layout-flow wp-block-column-is-layout-flow\">\n<style>\n.mi-imagen-resalte img {\n    border-radius: 10px;\n    transition: all 0.3s ease;\n    box-shadow: 0 4px 10px rgba(0,0,0,0.2);\n}\n\n.mi-imagen-resalte img:hover {\n    transform: scale(1.05);\n    box-shadow: 0 8px 20px rgba(0,0,0,0.4);\n    border: 3px solid #ff6600;\n}\n<\/style>\n\n<figure class=\"wp-block-image alignright size-full is-resized mi-imagen-resalte\">\n    <img decoding=\"async\" src=\"https:\/\/bibliotecasibe.ecosur.mx\/sibe\/wp-content\/uploads\/sites\/7\/2026\/04\/chetumal2026.png\" \n         alt=\"\" \n         class=\"wp-image-4011\" \n         style=\"width:344px;height:auto\"\/>\n<\/figure>\n<\/div>\n\n\n\n<div class=\"wp-block-column is-layout-flow wp-block-column-is-layout-flow\">\n<p><span class=\"has-inline-color has-black-color\"><strong data-rich-text-format-boundary=\"true\">Domicilio:<\/strong><\/span><\/p>\n<p style=\"padding-left: 40px\"><span class=\"has-inline-color has-black-color\">Avenida Centenario Km. 5.5, C.P. 77014, A.P. 424, Chetumal, Quintana Roo, M\u00e9xico<br data-rich-text-line-break=\"true\"><\/span><\/p>\n<p><span class=\"has-inline-color has-black-color\"><strong>Tel\u00e9fono:<\/strong><\/span><\/p>\n<p style=\"padding-left: 40px\"><span class=\"has-inline-color has-black-color\">983 835 0440 <strong>Exts<\/strong>: 4700 y 4793<\/span><\/p>\n<\/div>\n<\/div>\n\n\n<strong>Servicios\n<\/strong>\n<ul>\n \t<li>Consulta y referencia (atenci\u00f3n presencial y virtual)<\/li>\n \t<li><a href=\"https:\/\/biblioteca.ecosur.mx\/\">Cat\u00e1logo p\u00fablico<\/a><\/li>\n \t<li>Consulta de acervo impreso<\/li>\n \t<li>Acceso a recursos electr\u00f3nicos (<a href=\"\/sibe\/wp-content\/uploads\/sites\/7\/2021\/07\/estrategias-de-busqueda.pdf\" target=\"_blank\" rel=\"noopener\">Gu\u00eda de c\u00f3mo buscar<\/a>)<\/li>\n \t<li>Pr\u00e9stamo de libros<\/li>\n \t<li>Formaci\u00f3n de usuarios: <span style=\"color: #ff0000;\"><span style=\"font-family: Calibri, sans-serif;\"><span style=\"font-size: small;\"><span style=\"color: #000000;\"><span style=\"font-family: Arial, sans-serif;\"><span style=\"font-size: medium;\">talleres, cursos, sesiones especializadas y de inducci\u00f3n, presenciales y virtuales, previa cita <\/span><\/span><\/span><\/span><\/span><\/span><a title=\"Cons\u00faltanos\" href=\"https:\/\/bibliotecasibe.ecosur.mx\/sibe\/consultanos\/\">(Cons\u00faltanos)<\/a><\/li>\n \t<li>Asesor\u00edas y servicios de apoyo a la investigaci\u00f3n y formaci\u00f3n, previa cita <a title=\"Cons\u00faltanos\" href=\"https:\/\/bibliotecasibe.ecosur.mx\/sibe\/consultanos\/\">(Cons\u00faltanos)<\/a><\/li>\n \t<li>Visitas guiadas a p\u00fablico externo, previa cita <a title=\"Cons\u00faltanos\" href=\"https:\/\/bibliotecasibe.ecosur.mx\/sibe\/consultanos\/\">(Cons\u00faltanos)<\/a><\/li>\n \t<li>Espacios acondicionados para la lectura y trabajo en equipo<\/li>\n \t<li>Sala de usos m\u00faltiples<\/li>\n \t<li>Adquisiciones bibliogr\u00e1ficas\n<ul>\n \t<li>Sugiere tu libro (<a href=\"https:\/\/biblioteca.ecosur.mx\/cgi-bin\/koha\/opac-suggestions.pl?op=add\" target=\"_blank\" rel=\"noopener\">Formulario<\/a>)<\/li>\n \t<li>Compra de bibliograf\u00eda por proyecto (consulta con el personal bibliotecario de tu unidad)<\/li>\n<\/ul>\n<\/li>\n<\/ul>\n\n<hr>\n\n<p><span style=\"color: #000000\"><strong>Tem\u00e1ticas:<\/strong><\/span><\/p>\n<ul>\n<li>Ecolog\u00eda pesquera, evaluaci\u00f3n de recursos pesqueros, conservaci\u00f3n y biodiversidad de la Pen\u00ednsula de Yucat\u00e1n, vertebrados acu\u00e1ticos, bentos, zooplancton, contaminaci\u00f3n, biodegradaci\u00f3n, biodiversidad marina y terrestre, entre otros.<\/li>\n<\/ul>\n\n\n<p class=\"has-text-align-center\"><strong><a href=\"https:\/\/bibliotecasibe.ecosur.mx\/blogsibe\/category\/vidaenlasbibliotecas\/bibliotecasibechetumal\/\" target=\"_blank\" rel=\"noopener\" title=\"\">Novedades en las bibliotecas&nbsp;<\/a><\/strong><\/p>\n","protected":false},"excerpt":{"rendered":"<p>Horario de servicios: Lunes a viernes de 8:00 a 16:00 horas. \u00a0 \u00a0 \u00a0 \u00a0 Viernes de cada 15 d\u00edas de 8:00 a 15:00 horas. Contactos: Jos\u00e9 Santos G\u00f3mez Morales jsantos@ecosur.mxGabriela Zacar\u00edas de Le\u00f3n gzacaria@ecosur.mx Domicilio: Avenida Centenario Km. 5.5, C.P. 77014, A.P. 424, Chetumal, Quintana Roo, M\u00e9xico Tel\u00e9fono: 983 835 0440 Exts: 4700 y [&hellip;]<\/p>\n","protected":false},"author":1,"featured_media":0,"parent":26,"menu_order":0,"comment_status":"closed","ping_status":"closed","template":"","meta":{"content-type":"","om_disable_all_campaigns":false,"_monsterinsights_skip_tracking":false,"_monsterinsights_sitenote_active":false,"_monsterinsights_sitenote_note":"","_monsterinsights_sitenote_category":0,"ep_exclude_from_search":false,"footnotes":""},"class_list":["post-343","page","type-page","status-publish","hentry"],"aioseo_notices":[],"_links":{"self":[{"href":"https:\/\/bibliotecasibe.ecosur.mx\/sibe\/wp-json\/wp\/v2\/pages\/343","targetHints":{"allow":["GET"]}}],"collection":[{"href":"https:\/\/bibliotecasibe.ecosur.mx\/sibe\/wp-json\/wp\/v2\/pages"}],"about":[{"href":"https:\/\/bibliotecasibe.ecosur.mx\/sibe\/wp-json\/wp\/v2\/types\/page"}],"author":[{"embeddable":true,"href":"https:\/\/bibliotecasibe.ecosur.mx\/sibe\/wp-json\/wp\/v2\/users\/1"}],"replies":[{"embeddable":true,"href":"https:\/\/bibliotecasibe.ecosur.mx\/sibe\/wp-json\/wp\/v2\/comments?post=343"}],"version-history":[{"count":13,"href":"https:\/\/bibliotecasibe.ecosur.mx\/sibe\/wp-json\/wp\/v2\/pages\/343\/revisions"}],"predecessor-version":[{"id":4043,"href":"https:\/\/bibliotecasibe.ecosur.mx\/sibe\/wp-json\/wp\/v2\/pages\/343\/revisions\/4043"}],"up":[{"embeddable":true,"href":"https:\/\/bibliotecasibe.ecosur.mx\/sibe\/wp-json\/wp\/v2\/pages\/26"}],"wp:attachment":[{"href":"https:\/\/bibliotecasibe.ecosur.mx\/sibe\/wp-json\/wp\/v2\/media?parent=343"}],"curies":[{"name":"wp","href":"https:\/\/api.w.org\/{rel}","templated":true}]}}