{"id":347,"date":"2021-06-11T02:47:28","date_gmt":"2021-06-11T02:47:28","guid":{"rendered":"http:\/\/localhost\/wordpress\/sibe\/?page_id=347"},"modified":"2026-04-08T11:18:11","modified_gmt":"2026-04-08T17:18:11","slug":"tapachula","status":"publish","type":"page","link":"https:\/\/bibliotecasibe.ecosur.mx\/sibe\/conocenos\/bibliotecas\/tapachula\/","title":{"rendered":"Tapachula"},"content":{"rendered":"\n<div class=\"wp-block-columns is-layout-flex wp-container-core-columns-is-layout-9d6595d7 wp-block-columns-is-layout-flex\">\n<div class=\"wp-block-column is-layout-flow wp-block-column-is-layout-flow\">\n<p><strong data-rich-text-format-boundary=\"true\">Horario de servicios:<\/strong><\/p>\n<p style=\"padding-left: 40px;\">Lunes a viernes de 8:00 a 16:00 horas.<\/p>\n<p>\u00a0 \u00a0 \u00a0 \u00a0 Viernes de 8:00 a 15:00 horas.<\/p>\n<p><strong>Contactos:<\/strong><\/p>\n<p style=\"padding-left: 40px;\">Ana Mar\u00eda Galindo Rodas <a href=\"mailto:amgalind@ecosur.mx\">amgalind@ecosur.mx<\/a><\/p>\n<\/div>\n\n\n\n<div class=\"wp-block-column is-layout-flow wp-block-column-is-layout-flow\">\n<style>\n.mi-imagen-resalte img {\n    border-radius: 10px;\n    transition: all 0.3s ease;\n    box-shadow: 0 4px 10px rgba(0,0,0,0.2);\n}\n\n.mi-imagen-resalte img:hover {\n    transform: scale(1.05);\n    box-shadow: 0 8px 20px rgba(0,0,0,0.4);\n    border: 3px solid #ff6600;\n}\n<\/style>\n\n<figure class=\"wp-block-image alignright size-full is-resized mi-imagen-resalte\">\n    <img decoding=\"async\" src=\"https:\/\/bibliotecasibe.ecosur.mx\/sibe\/wp-content\/uploads\/sites\/7\/2026\/04\/tap2026.jpg\" \n         alt=\"\" \n         class=\"wp-image-4011\" \n         style=\"width:344px;height:auto\"\/>\n<\/figure>\n<\/div>\n\n\n\n<div class=\"wp-block-column is-layout-flow wp-block-column-is-layout-flow\">\n<p><strong data-rich-text-format-boundary=\"true\">Domicilio:<\/strong><\/p>\n<p style=\"padding-left: 40px\">Carretera Antiguo Aeropuerto Km. 2.5, C.P. 30700, Tapachula, Chiapas, M\u00e9xico. A.P. 36<\/p>\n<p><strong>Tel\u00e9fono:<\/strong><\/p>\n<p style=\"padding-left: 40px\">962 628 9800 <strong>Ext.<\/strong> 5704 y 5700<\/p>\n<\/div>\n<\/div>\n\n\n<p><strong>Servicios<br \/><\/strong><\/p>\n<ul>\n<li>Consulta y referencia (atenci\u00f3n presencial y virtual)<\/li>\n<li><a href=\"https:\/\/biblioteca.ecosur.mx\/\">Cat\u00e1logo p\u00fablico<\/a><\/li>\n<li>Consulta de acervo impreso<\/li>\n<li>Acceso a recursos electr\u00f3nicos (<a href=\"\/sibe\/wp-content\/uploads\/sites\/7\/2021\/07\/estrategias-de-busqueda.pdf\" target=\"_blank\" rel=\"noopener\">Gu\u00eda de c\u00f3mo buscar<\/a>)<\/li>\n<li>Pr\u00e9stamo de libros\u00a0<\/li>\n<li>Formaci\u00f3n de usuarios: talleres, cursos, sesiones especializadas y de inducci\u00f3n, presenciales y virtuales, previa cita <a title=\"Cons\u00faltanos\" href=\"https:\/\/bibliotecasibe.ecosur.mx\/sibe\/consultanos\/\">(Cons\u00faltanos)<\/a><\/li>\n<li>Asesor\u00edas y servicios de apoyo a la investigaci\u00f3n y formaci\u00f3n, previa cita <a title=\"Cons\u00faltanos\" href=\"https:\/\/bibliotecasibe.ecosur.mx\/sibe\/consultanos\/\">(Cons\u00faltanos)<\/a><\/li>\n<li>Visitas guiadas a p\u00fablico externo, previa cita <a title=\"Cons\u00faltanos\" href=\"https:\/\/bibliotecasibe.ecosur.mx\/sibe\/consultanos\/\">(Cons\u00faltanos)<\/a><\/li>\n<li>Espacios acondicionados para la lectura<\/li>\n<li>Sala de usos m\u00faltiples<\/li>\n<li>Adquisiciones bibliogr\u00e1ficas\n<ul>\n<li>Sugiere tu libro (<a href=\"https:\/\/biblioteca.ecosur.mx\/cgi-bin\/koha\/opac-suggestions.pl?op=add\" target=\"_blank\" rel=\"noopener\">Formulario<\/a>)<\/li>\n<li>Compra de bibliograf\u00eda por proyecto (consulta con el personal bibliotecario de tu unidad)<\/li>\n<\/ul>\n<\/li>\n<\/ul>\n<hr \/>\n<p><span style=\"color: #000000\"><strong>Tem\u00e1ticas:<\/strong><\/span><\/p>\n<p style=\"padding-left: 40px\"><span style=\"color: #000000\">Entomolog\u00eda, manejo integrado de plagas, micolog\u00eda, ecoetolog\u00eda, sistema del caf\u00e9, migraci\u00f3n, desarrollo sustentable, ecolog\u00eda, entre otros. Cuenta con la colecci\u00f3n INEGI con material bibliogr\u00e1fico, cartogr\u00e1fico y audiovisual.<\/span><\/p>\n\n\n<p class=\"has-text-align-center\"><strong><a href=\"https:\/\/bibliotecasibe.ecosur.mx\/blogsibe\/category\/vidaenlasbibliotecas\/bibliotecasibetapachula\/\" target=\"_blank\" rel=\"noopener\" title=\"\">Novedades en las bibliotecas&nbsp;<\/a><\/strong><\/p>\n","protected":false},"excerpt":{"rendered":"<p>Horario de servicios: Lunes a viernes de 8:00 a 16:00 horas. \u00a0 \u00a0 \u00a0 \u00a0 Viernes de 8:00 a 15:00 horas. Contactos: Ana Mar\u00eda Galindo Rodas amgalind@ecosur.mx Domicilio: Carretera Antiguo Aeropuerto Km. 2.5, C.P. 30700, Tapachula, Chiapas, M\u00e9xico. A.P. 36 Tel\u00e9fono: 962 628 9800 Ext. 5704 y 5700 Servicios Consulta y referencia (atenci\u00f3n presencial y [&hellip;]<\/p>\n","protected":false},"author":1,"featured_media":0,"parent":26,"menu_order":0,"comment_status":"closed","ping_status":"closed","template":"","meta":{"content-type":"","om_disable_all_campaigns":false,"_monsterinsights_skip_tracking":false,"_monsterinsights_sitenote_active":false,"_monsterinsights_sitenote_note":"","_monsterinsights_sitenote_category":0,"ep_exclude_from_search":false,"footnotes":""},"class_list":["post-347","page","type-page","status-publish","hentry"],"aioseo_notices":[],"_links":{"self":[{"href":"https:\/\/bibliotecasibe.ecosur.mx\/sibe\/wp-json\/wp\/v2\/pages\/347","targetHints":{"allow":["GET"]}}],"collection":[{"href":"https:\/\/bibliotecasibe.ecosur.mx\/sibe\/wp-json\/wp\/v2\/pages"}],"about":[{"href":"https:\/\/bibliotecasibe.ecosur.mx\/sibe\/wp-json\/wp\/v2\/types\/page"}],"author":[{"embeddable":true,"href":"https:\/\/bibliotecasibe.ecosur.mx\/sibe\/wp-json\/wp\/v2\/users\/1"}],"replies":[{"embeddable":true,"href":"https:\/\/bibliotecasibe.ecosur.mx\/sibe\/wp-json\/wp\/v2\/comments?post=347"}],"version-history":[{"count":14,"href":"https:\/\/bibliotecasibe.ecosur.mx\/sibe\/wp-json\/wp\/v2\/pages\/347\/revisions"}],"predecessor-version":[{"id":4044,"href":"https:\/\/bibliotecasibe.ecosur.mx\/sibe\/wp-json\/wp\/v2\/pages\/347\/revisions\/4044"}],"up":[{"embeddable":true,"href":"https:\/\/bibliotecasibe.ecosur.mx\/sibe\/wp-json\/wp\/v2\/pages\/26"}],"wp:attachment":[{"href":"https:\/\/bibliotecasibe.ecosur.mx\/sibe\/wp-json\/wp\/v2\/media?parent=347"}],"curies":[{"name":"wp","href":"https:\/\/api.w.org\/{rel}","templated":true}]}}