{"id":393,"date":"2021-06-11T03:54:58","date_gmt":"2021-06-11T03:54:58","guid":{"rendered":"http:\/\/localhost\/wordpress\/sibe\/?page_id=393"},"modified":"2021-06-15T18:25:54","modified_gmt":"2021-06-15T18:25:54","slug":"2012-2","status":"publish","type":"page","link":"https:\/\/bibliotecasibe.ecosur.mx\/sibe\/conocenos\/reconocimientos\/2012-2\/","title":{"rendered":"Reconocimiento 2012"},"content":{"rendered":"\n<section id=\"section-cbc6397b-5c0f-4e14-9314-24e4f57a506f\" class=\"wp-block-gutentor-about-block gutentor-section gutentor-about about-template1\"><div class=\"grid-container\"><div class=\"gutentor-grid-item-wrap\"><div class=\"gutentor-single-item\"><div class=\"grid-row\"><div class=\"grid-md-6 about-grid\"><div class=\"gutentor-single-item-image-box\"><div class=\"gutentor-image-thumb\"><img decoding=\"async\" class=\"normal-image\" src=\"https:\/\/bibliotecasibe.ecosur.mx\/sibe\/wp-content\/uploads\/sites\/7\/2021\/06\/desarrollo2012.jpg\" alt=\"\" \/><\/div><\/div><\/div><div class=\"grid-md-6 about-grid\"><div class=\"gutentor-single-item-content\"><div class=\"gutentor-about-content\"><h3 class=\"gutentor-single-item-title\"><strong>Premio Anual al Desarrollo Institucional de ECOSUR 2012<\/strong><\/h3><p class=\"gutentor-single-item-desc\"><span class=\"has-inline-color has-black-color\"><strong>DISCURSO OFICIAL DE CEREMONIA DE ENTREGA<br>*Lorena Ruiz Montoya (Mayo 2013)<\/strong><br><br>Muchas gracias, les comento que tuvimos varias propuestas y fue dif\u00edcil hacer la elecci\u00f3n.<br>Es importante hacer notar que el Premio al Desarrollo Institucional se otorga a quien o quienes hayan hecho una labor m\u00e1s all\u00e1 de lo esperado de acuerdo a su posici\u00f3n y funci\u00f3n en nuestra instituci\u00f3n. El premio es un reconocimiento al trabajo de quien o quienes fortalecen procesos que permiten una cohesi\u00f3n institucional, al tiempo que nos posiciona como un referente nacional e internacional. Adem\u00e1s de lo anterior, en este a\u00f1o el Comit\u00e9 reconoci\u00f3 en la propuesta elegida el trabajo constante por mejorar. Muestra de ello son las diversas metas alcanzadas y que han impulsado nuevas. Tambi\u00e9n; por interesarse no s\u00f3lo por la mejora de su propio desempe\u00f1o sino por buscar la mejora de otros, facilit\u00e1ndonos herramientas, capacidad, conocimiento y tiempo. Tambi\u00e9n se premi\u00f3 la preocupaci\u00f3n por mantener un est\u00e1ndar de calidad, procedimientos rigurosos, firmes; y formales, pero no se deja de lado el aspecto humano y la vocaci\u00f3n de servicio. Se reconoci\u00f3 la capacidad de organizaci\u00f3n y de mantenerse actualizado en las tecnolog\u00edas de la informaci\u00f3n y comunicaci\u00f3n. Por ello el Premio al Desarrollo Institucional 2012 se otorga a un grupo: Mercedes Guadarrama, Teresa Esperanza Dom\u00ednguez, Adacelia L\u00f3pez, Margarita In\u00e9s Hern\u00e1ndez, Nancy Zamora, Germ\u00e1n de Jes\u00fas Hern\u00e1ndez, Lorena Reyes, Mar\u00eda Elena Mart\u00ednez, Ana Mar\u00eda Galindo, Mario Z\u00fa\u00f1iga, Beatriz Marisela Betanzos, Graciela Ocampo, Jos\u00e9 Santos G\u00f3mez, Hermilo No\u00e9 Cruz, Beatriz G\u00f3mez, Gabriela Zacar\u00edas y Mabel Mary Mej\u00eda. Quienes conforman el grupo de trabajo SIBE, Ellos han sabido integrarse y colaborar entre s\u00ed, y con el resto de la comunidad ecosure\u00f1a. Todos nosotros en alg\u00fan momento, hemos tenido la necesidad de un apoyo de parte de ellos, y siempre hemos sido beneficiados de su trabajo. El apoyo no se restringe a nuestra instituci\u00f3n tambi\u00e9n lo brindan a otras instituciones del sureste de M\u00e9xico. El Comit\u00e9 considera que el grupo del SIBE es un buen ejemplo de trabajo en equipo, que bien podr\u00edamos tomarlo de inspiraci\u00f3n para otras \u00e1reas de ECOSUR.<br>Felicidades al grupo del SIBE.<\/span><\/p><\/div><\/div><\/div><\/div><\/div><\/div><\/div><\/section>\n","protected":false},"excerpt":{"rendered":"","protected":false},"author":1,"featured_media":0,"parent":28,"menu_order":0,"comment_status":"closed","ping_status":"closed","template":"","meta":{"content-type":"","om_disable_all_campaigns":false,"_monsterinsights_skip_tracking":false,"_monsterinsights_sitenote_active":false,"_monsterinsights_sitenote_note":"","_monsterinsights_sitenote_category":0,"ep_exclude_from_search":false,"footnotes":""},"class_list":["post-393","page","type-page","status-publish","hentry"],"aioseo_notices":[],"_links":{"self":[{"href":"https:\/\/bibliotecasibe.ecosur.mx\/sibe\/wp-json\/wp\/v2\/pages\/393","targetHints":{"allow":["GET"]}}],"collection":[{"href":"https:\/\/bibliotecasibe.ecosur.mx\/sibe\/wp-json\/wp\/v2\/pages"}],"about":[{"href":"https:\/\/bibliotecasibe.ecosur.mx\/sibe\/wp-json\/wp\/v2\/types\/page"}],"author":[{"embeddable":true,"href":"https:\/\/bibliotecasibe.ecosur.mx\/sibe\/wp-json\/wp\/v2\/users\/1"}],"replies":[{"embeddable":true,"href":"https:\/\/bibliotecasibe.ecosur.mx\/sibe\/wp-json\/wp\/v2\/comments?post=393"}],"version-history":[{"count":1,"href":"https:\/\/bibliotecasibe.ecosur.mx\/sibe\/wp-json\/wp\/v2\/pages\/393\/revisions"}],"predecessor-version":[{"id":716,"href":"https:\/\/bibliotecasibe.ecosur.mx\/sibe\/wp-json\/wp\/v2\/pages\/393\/revisions\/716"}],"up":[{"embeddable":true,"href":"https:\/\/bibliotecasibe.ecosur.mx\/sibe\/wp-json\/wp\/v2\/pages\/28"}],"wp:attachment":[{"href":"https:\/\/bibliotecasibe.ecosur.mx\/sibe\/wp-json\/wp\/v2\/media?parent=393"}],"curies":[{"name":"wp","href":"https:\/\/api.w.org\/{rel}","templated":true}]}}